at is the highest common divisor of 7018855 and 52960?
1655
What is the highest common divisor of 8999 and 896?
1
What is the highest common divisor of 37801724 and 188?
188
What is the greatest common divisor of 450 and 16774110?
90
Calculate the greatest common divisor of 33355836 and 187.
17
What is the greatest common factor of 491064 and 5976?
24
What is the highest common factor of 41025 and 28996470?
8205
Calculate the highest common factor of 27126 and 19736357.
137
What is the greatest common factor of 306 and 3495693?
51
Calculate the greatest common divisor of 16976127 and 293.
293
What is the greatest common factor of 30 and 1508248530?
30
What is the greatest common divisor of 104577367 and 20419?
2917
Calculate the highest common factor of 148487 and 266561.
1789
Calculate the highest common factor of 264 and 565356.
132
What is the greatest common factor of 127443 and 1744596?
69
What is the greatest common factor of 9790 and 4664?
22
What is the greatest common divisor of 2700 and 91680300?
900
Calculate the highest common factor of 115658 and 228.
2
What is the greatest common factor of 96273 and 1308412?
563
Calculate the greatest common divisor of 498737724 and 48.
12
Calculate the greatest common divisor of 14840 and 91955.
265
Calculate the highest common factor of 14155 and 3852991.
2831
Calculate the highest common factor of 73 and 878755531.
73
What is the greatest common factor of 21288100 and 2300?
100
What is the highest common divisor of 794558 and 1099262?
1058
Calculate the greatest common divisor of 1155 and 1926120.
105
What is the highest common divisor of 2231 and 904971685?
2231
Calculate the greatest common divisor of 76854 and 6906.
6
What is the greatest common factor of 765 and 1970844?
51
What is the greatest common factor of 13853 and 55192331?
1979
Calculate the greatest common divisor of 5324 and 89186317.
1331
What is the greatest common divisor of 29864 and 49928875?
3733
What is the highest common factor of 111505 and 57565?
145
What is the greatest common factor of 781 and 849799?
71
What is the highest common factor of 600 and 172915350?
150
What is the greatest common factor of 3234150 and 3075?
75
Calculate the highest common factor of 30136245 and 45.
15
Calculate the greatest common factor of 4910128 and 208.
16
What is the highest common divisor of 3951660 and 92402?
1966
Calculate the greatest common factor of 663414730 and 6380.
3190
What is the highest common divisor of 19983 and 9711?
3
What is the highest common divisor of 235989333 and 81?
9
Calculate the highest common divisor of 3124546956 and 24.
12
Calculate the greatest common divisor of 2050 and 2353400.
2050
Calculate the highest common factor of 4076802 and 29886.
1758
Calculate the greatest common divisor of 262 and 476476213.
131
Calculate the highest common factor of 19496192 and 320.
64
Calculate the greatest common divisor of 429631209 and 54.
27
What is the greatest common divisor of 268872461 and 92?
23
What is the greatest common factor of 2215 and 93243969?
443
Calculate the highest common factor of 6540 and 1102740.
60
Calculate the greatest common factor of 237482 and 203.
7
What is the greatest common factor of 1057 and 5696928?
151
Calculate the greatest common factor of 8778 and 21748692.
798
What is the greatest common divisor of 16906107 and 5136?
321
Calculate the greatest common divisor of 26599769 and 2667.
889
Calculate the greatest common divisor of 70210 and 52210060.
1190
What is the highest common divisor of 11773 and 2829912?
61
What is the greatest common factor of 44440 and 1918664?
88
What is the highest common factor of 699 and 823983?
3
What is the highest common factor of 207675 and 252?
9
Calculate the greatest common factor of 175 and 501300310.
35
What is the greatest common divisor of 429 and 22188969?
33
Calculate the highest common divisor of 2991822 and 3.
3
What is the highest common factor of 22873428 and 4976?
1244
Calculate the greatest common divisor of 920 and 146750810.
230
Calculate the greatest common factor of 11408413 and 7153.
311
What is the highest common divisor of 585836 and 463056?
3508
Calculate the greatest common divisor of 1281176367 and 159.
159
What is the highest common divisor of 13755184 and 44032?
688
What is the highest common factor of 115857 and 38745?
189
What is the highest common divisor of 5275 and 46525?
25
What is the highest common factor of 352 and 2582316?
44
Calculate the highest common divisor of 7399965 and 113471.
487
Calculate the highest common factor of 587796 and 47153.
61
What is the highest common divisor of 5118570 and 90?
90
What is the greatest common divisor of 2388822 and 172?
86
What is the highest common factor of 4930529 and 339?
113
Calculate the highest common factor of 13962 and 867792.
1074
Calculate the highest common divisor of 90 and 27914340.
30
What is the greatest common factor of 6 and 89570274?
6
Calculate the highest common factor of 2587 and 346684.
13
Calculate the greatest common divisor of 13316774 and 15322.
326
What is the greatest common divisor of 1401780 and 1270020?
3660
Calculate the highest common factor of 119413 and 3243647.
2437
Calculate the highest common factor of 282104 and 909352.
1576
Calculate the highest common factor of 81324 and 41164.
1004
Calculate the highest common divisor of 54654389 and 163.
163
What is the highest common divisor of 14306151 and 1655?
331
Calculate the highest common divisor of 71732094 and 42.
42
Calculate the greatest common divisor of 40240 and 2032.
16
What is the greatest common factor of 7111819 and 2145?
143
What is the highest common factor of 6596 and 3041145164?
6596
What is the greatest common factor of 21565 and 254945743?
4313
Calculate the highest common divisor of 24 and 7971272.
8
What is the greatest common divisor of 498 and 8415868?
166
Calculate the highest common divisor of 244612 and 96.
4
What is the highest common factor of 131450 and 4325422?
478
What is the greatest common factor of 203980 and 2311930?
470
Calculate the greatest common factor of 199584 and 28754.
22
What is the greatest common divisor of 34763780 and 16340?
860
What is the greatest common divisor of 1868558 and 23148?
1286
Calculate the highest common factor of 68436735 and 11630.
5815
What is the greatest common factor of 122500 and 520870?
490
Calculate the greatest common divisor of 9390 and 2901120.
30
Calculate the highest common factor of 2106273 and 1010763.
2067
Calculate the greatest common factor of 201591 and 29250.
117
What is the greatest common divisor of 596162 and 357154?
1358
What is the greatest common divisor of 1566 and 22410?
54
Calculate the highest common divisor of 32836979 and 34.
17
Calculate the greatest common factor of 205672698 and 238.
238
What is the highest common factor of 16313201 and 1171?
1171
Calculate the greatest common divisor of 3587166 and 276534.
486
What is the highest common factor of 390 and 86763300?
390
Calculate the greatest common factor of 49446 and 7299.
9
What is the greatest common divisor of 43251852 and 84?
84
Calculate the highest common factor of 818612 and 2987.
29
Calculate the highest common factor of 1326210 and 114.
6
Calculate the highest common divisor of 312 and 4893356.
52
Calculate the greatest common factor of 4712 and 173333276.
2356
Calculate the greatest common divisor of 5049 and 216206.
17
Calculate the highest common factor of 13096 and 128.
8
What is the highest common factor of 300190 and 48565?
55
What is the greatest common factor of 175412 and 556?
4
What is the highest common factor of 8007845 and 50?
5
Calculate the greatest common divisor of 8643 and 628055119.
2881
Calculate the highest common factor of 301 and 6868691.
43
What is the highest common divisor of 6116 and 293392?
44
What is the greatest common divisor of 59 and 22279?
1
What is the highest common factor of 630 and 112667520?
210
Calculate the highest common factor of 28 and 88886742.
14
Calculate the highest common factor of 11528225 and 16675.
725
Calculate the highest common factor of 507123088 and 16.
16
Calculate the greatest common divisor of 14672 and 179704.
56
What is the greatest common factor of 1403312 and 16539472?
612